{"id":187,"date":"2021-06-16T15:50:33","date_gmt":"2021-06-16T15:50:33","guid":{"rendered":"https:\/\/mountaincultures.events.unibz.it\/?page_id=187"},"modified":"2021-06-25T10:03:11","modified_gmt":"2021-06-25T10:03:11","slug":"branca","status":"publish","type":"page","link":"https:\/\/mountaincultures.events.unibz.it\/?page_id=187","title":{"rendered":"Branca"},"content":{"rendered":"\n<h2 class=\"wp-block-heading\"><em><strong>Studi transdisciplinari sulle montagne: la prospettiva montologica e l\u2019urbanizzazione andina<\/strong><\/em><\/h2>\n\n\n\n<h2 class=\"wp-block-heading\"><strong>Domenico Branca<\/strong>, l\u2019Institut f\u00fcr Interdisziplin\u00e4re Gebirgsforschung, \u00d6sterreichische Akademie der Wissenschaften<\/h2>\n\n\n\n<h2 class=\"wp-block-heading\">24\/06\/2021, 17:00-19:00, online ZOOM<\/h2>\n\n\n\n<figure class=\"wp-block-image size-large\"><img loading=\"lazy\" decoding=\"async\" width=\"1024\" height=\"768\" src=\"https:\/\/mountaincultures.events.unibz.it\/wp-content\/uploads\/2021\/06\/3-Vista-de-Puno-desde-el-Cancharani-1-1024x768.jpg\" alt=\"\" class=\"wp-image-189\" srcset=\"https:\/\/mountaincultures.events.unibz.it\/wp-content\/uploads\/2021\/06\/3-Vista-de-Puno-desde-el-Cancharani-1-1024x768.jpg 1024w, https:\/\/mountaincultures.events.unibz.it\/wp-content\/uploads\/2021\/06\/3-Vista-de-Puno-desde-el-Cancharani-1-300x225.jpg 300w, https:\/\/mountaincultures.events.unibz.it\/wp-content\/uploads\/2021\/06\/3-Vista-de-Puno-desde-el-Cancharani-1-768x576.jpg 768w, https:\/\/mountaincultures.events.unibz.it\/wp-content\/uploads\/2021\/06\/3-Vista-de-Puno-desde-el-Cancharani-1-1536x1152.jpg 1536w, https:\/\/mountaincultures.events.unibz.it\/wp-content\/uploads\/2021\/06\/3-Vista-de-Puno-desde-el-Cancharani-1-2048x1536.jpg 2048w\" sizes=\"auto, (max-width: 1024px) 100vw, 1024px\" \/><figcaption>Vista di Puno dal cerro Cancharani (Per\u00f9). D. Branca<\/figcaption><\/figure>\n\n\n\n<h2 class=\"wp-block-heading\"><strong><em>Studi transdisciplinari sulle montagne: la prospettiva montologica e l\u2019urbanizzazione andina<\/em><\/strong><\/h2>\n\n\n\n<p>La specificit\u00e0 dei processi di urbanizzazione nelle zone di montagna \u00e8 un tema che va acquisendo una importanza sempre crescente. Se da una parte tali processi si iscrivono all\u2019interno delle pi\u00f9 generali dinamiche di urbanizzazione, dall\u2019altra \u00e8 necessario riconoscerne le particolarit\u00e0 sia materiali che socio-culturali. In questo intervento si cercher\u00e0 di indagare la prospettiva montologica \u2013 generalmente utilizzata in contesti rurali \u2013 applicandola a processi urbani, discutendo questa prospettiva transdisciplinaria attraverso due casi andini, le citt\u00e0 di Cusco e Huaraz, sulle Ande peruviane.<\/p>\n\n\n\n<h2 class=\"wp-block-heading\">Domenico Branca<\/h2>\n\n\n\n<div class=\"wp-block-image\"><figure class=\"alignleft size-large is-resized\"><img loading=\"lazy\" decoding=\"async\" src=\"https:\/\/mountaincultures.events.unibz.it\/wp-content\/uploads\/2021\/06\/Foto-Domenico-Branca-1-768x1024.jpg\" alt=\"\" class=\"wp-image-190\" width=\"138\" height=\"184\" srcset=\"https:\/\/mountaincultures.events.unibz.it\/wp-content\/uploads\/2021\/06\/Foto-Domenico-Branca-1-768x1024.jpg 768w, https:\/\/mountaincultures.events.unibz.it\/wp-content\/uploads\/2021\/06\/Foto-Domenico-Branca-1-225x300.jpg 225w, https:\/\/mountaincultures.events.unibz.it\/wp-content\/uploads\/2021\/06\/Foto-Domenico-Branca-1-1152x1536.jpg 1152w, https:\/\/mountaincultures.events.unibz.it\/wp-content\/uploads\/2021\/06\/Foto-Domenico-Branca-1-1536x2048.jpg 1536w, https:\/\/mountaincultures.events.unibz.it\/wp-content\/uploads\/2021\/06\/Foto-Domenico-Branca-1-scaled.jpg 1920w\" sizes=\"auto, (max-width: 138px) 100vw, 138px\" \/><figcaption>Domenico Branca<\/figcaption><\/figure><\/div>\n\n\n\n<p>Domenico Branca ha conseguito il dottorato in antropologia sociale e culturale all\u2019Universitat Aut\u00f2noma di Barcellona ed \u00e8 attualmente ricercatore postdottorale presso l\u2019Institut f\u00fcr Interdisziplin\u00e4re Gebirgsforschung dell\u2019\u00d6sterreichische Akademie der Wissenschaften (Accademia Austriaca delle Scienze) a Innsbruck. Le sue linee di ricerca si centrano sullo studio delle identit\u00e0 etniche e nazionali, in particolare nella regione aymara andina di Puno (Per\u00f9), sulle relazioni tra urbano e rurale in contesti di montagna e sullo studio del territorio. Ha pubblicato recentemente la monografia \u201cIdentidad aymara en el Per\u00fa. Naci\u00f3n, vivencia y narraci\u00f3n\u201d (Lima, Editorial Horizonte, 2017).&nbsp;<a rel=\"noreferrer noopener\" href=\"https:\/\/www.oeaw.ac.at\/en\/igf\/team\/scientific-staff\/domenico-branca\/\" target=\"_blank\">Link al sito web.<\/a><\/p>\n\n\n\n<div class=\"wp-block-file\"><a href=\"https:\/\/mountaincultures.events.unibz.it\/wp-content\/uploads\/2021\/06\/Branca_seminario-1.pdf\">Branca_seminario<\/a><a href=\"https:\/\/mountaincultures.events.unibz.it\/wp-content\/uploads\/2021\/06\/Branca_seminario-1.pdf\" class=\"wp-block-file__button\" download>Download<\/a><\/div>\n","protected":false},"excerpt":{"rendered":"<p>Studi transdisciplinari sulle montagne: la prospettiva montologica e l\u2019urbanizzazione andina Domenico Branca, l\u2019Institut f\u00fcr Interdisziplin\u00e4re Gebirgsforschung, \u00d6sterreichische Akademie der Wissenschaften 24\/06\/2021, 17:00-19:00, online ZOOM Studi transdisciplinari sulle montagne: la prospettiva montologica e l\u2019urbanizzazione andina La specificit\u00e0 dei processi di urbanizzazione nelle zone di montagna \u00e8 un tema che va acquisendo una importanza sempre crescente. Se da una parte tali processi si iscrivono all\u2019interno delle pi\u00f9 generali dinamiche di urbanizzazione, dall\u2019altra \u00e8 necessario riconoscerne le particolarit\u00e0 sia materiali che socio-culturali. In questo intervento si cercher\u00e0 di indagare la prospettiva montologica \u2013 generalmente utilizzata in contesti rurali \u2013 applicandola a processi urbani, [&hellip;]<\/p>\n","protected":false},"author":4,"featured_media":0,"parent":0,"menu_order":0,"comment_status":"closed","ping_status":"closed","template":"","meta":{"footnotes":""},"class_list":["post-187","page","type-page","status-publish","hentry"],"_links":{"self":[{"href":"https:\/\/mountaincultures.events.unibz.it\/index.php?rest_route=\/wp\/v2\/pages\/187","targetHints":{"allow":["GET"]}}],"collection":[{"href":"https:\/\/mountaincultures.events.unibz.it\/index.php?rest_route=\/wp\/v2\/pages"}],"about":[{"href":"https:\/\/mountaincultures.events.unibz.it\/index.php?rest_route=\/wp\/v2\/types\/page"}],"author":[{"embeddable":true,"href":"https:\/\/mountaincultures.events.unibz.it\/index.php?rest_route=\/wp\/v2\/users\/4"}],"replies":[{"embeddable":true,"href":"https:\/\/mountaincultures.events.unibz.it\/index.php?rest_route=%2Fwp%2Fv2%2Fcomments&post=187"}],"version-history":[{"count":2,"href":"https:\/\/mountaincultures.events.unibz.it\/index.php?rest_route=\/wp\/v2\/pages\/187\/revisions"}],"predecessor-version":[{"id":202,"href":"https:\/\/mountaincultures.events.unibz.it\/index.php?rest_route=\/wp\/v2\/pages\/187\/revisions\/202"}],"wp:attachment":[{"href":"https:\/\/mountaincultures.events.unibz.it\/index.php?rest_route=%2Fwp%2Fv2%2Fmedia&parent=187"}],"curies":[{"name":"wp","href":"https:\/\/api.w.org\/{rel}","templated":true}]}}