{"id":284,"date":"2021-09-29T13:55:25","date_gmt":"2021-09-29T13:55:25","guid":{"rendered":"https:\/\/mountaincultures.events.unibz.it\/?page_id=284"},"modified":"2021-11-26T17:10:33","modified_gmt":"2021-11-26T17:10:33","slug":"salvucci","status":"publish","type":"page","link":"https:\/\/mountaincultures.events.unibz.it\/?page_id=284","title":{"rendered":"Salvucci"},"content":{"rendered":"\n<h2 class=\"wp-block-heading\"><strong><em>Studi di antropologia socioculturale andina e alpina a confronto<\/em><\/strong><\/h2>\n\n\n\n<h2 class=\"wp-block-heading\"><strong>Daniela Salvucci<\/strong>, Libera Universit\u00e0 di Bolzano<\/h2>\n\n\n\n<figure class=\"wp-block-image size-large\"><img loading=\"lazy\" decoding=\"async\" width=\"1024\" height=\"693\" src=\"https:\/\/mountaincultures.events.unibz.it\/wp-content\/uploads\/2021\/09\/d20210915_170401-1-1024x693.jpg\" alt=\"\" class=\"wp-image-285\" srcset=\"https:\/\/mountaincultures.events.unibz.it\/wp-content\/uploads\/2021\/09\/d20210915_170401-1-1024x693.jpg 1024w, https:\/\/mountaincultures.events.unibz.it\/wp-content\/uploads\/2021\/09\/d20210915_170401-1-300x203.jpg 300w, https:\/\/mountaincultures.events.unibz.it\/wp-content\/uploads\/2021\/09\/d20210915_170401-1-768x519.jpg 768w, https:\/\/mountaincultures.events.unibz.it\/wp-content\/uploads\/2021\/09\/d20210915_170401-1-1536x1039.jpg 1536w, https:\/\/mountaincultures.events.unibz.it\/wp-content\/uploads\/2021\/09\/d20210915_170401-1-2048x1385.jpg 2048w\" sizes=\"auto, (max-width: 1024px) 100vw, 1024px\" \/><figcaption>Scaffale, D. Salvucci<\/figcaption><\/figure>\n\n\n\n<h2 class=\"wp-block-heading\"><strong><em>Studi di antropologia socioculturale andina e alpina a confronto<\/em><\/strong><\/h2>\n\n\n\n<p>Quali concetti, quali metodi e quali figure accademiche collegano gli studi di antropologia delle Alpi e delle Ande? Quali temi, invece, definiscono traiettorie di ricerca differenti? Il seminario individua, da un lato, alcuni punti di convergenza degli studi di antropologia socioculturale andina e alpina, come l\u2019approccio dell\u2019ecologia culturale, i modelli della verticalit\u00e0, dell\u2019<em>Alpwirtschaft<\/em>&nbsp;e dell\u2019economia mista agro-pastorale, ad esempio, anche ricostruendo alcune reti accademiche. Dall\u2019altro, i temi del colonialismo, dell\u2019indigenismo, delle cosmologie altre in area andina saranno messi a confronto con quelli dell\u2019etnicit\u00e0, del nazionalismo, del mutamento sociale in area alpina.<\/p>\n\n\n\n<h2 class=\"wp-block-heading\"><strong>Daniela Salvucci<\/strong><\/h2>\n\n\n\n<div class=\"wp-block-image\"><figure class=\"alignleft size-large is-resized\"><img loading=\"lazy\" decoding=\"async\" src=\"https:\/\/mountaincultures.events.unibz.it\/wp-content\/uploads\/2021\/09\/salvucci-1.png\" alt=\"\" class=\"wp-image-286\" width=\"143\" height=\"217\" srcset=\"https:\/\/mountaincultures.events.unibz.it\/wp-content\/uploads\/2021\/09\/salvucci-1.png 675w, https:\/\/mountaincultures.events.unibz.it\/wp-content\/uploads\/2021\/09\/salvucci-1-198x300.png 198w\" sizes=\"auto, (max-width: 143px) 100vw, 143px\" \/><figcaption>Daniela Salvucci<\/figcaption><\/figure><\/div>\n\n\n\n<p>Daniela Salvucci \u00e8 ricercatrice (RTDa) della Facolt\u00e0 di Scienze della Formazione della Libera Universit\u00e0 di Bolzano, dove si occupa di culture dei popoli di montagna e dalla storia della famiglia Malinowski in Sudtirolo-Alto Adige. Daniela ha svolto il Dottorato in Antropologia, Etnologia e Studi culturali presso l\u2019Universit\u00e0 di Siena e condotto ricerche etnografiche in Italia e Argentina. I suoi campi tematici sono gli studi di famiglia e parentela, i rituali e i territori indigeni in area andina, la storia dell\u2019antropologia e le pratiche di patrimonializzazione in Sudtirolo-Alto Adige.<\/p>\n\n\n\n<div class=\"wp-block-file\"><a href=\"https:\/\/mountaincultures.events.unibz.it\/wp-content\/uploads\/2021\/11\/Salvucci_seminario-2-dic-1.pdf\">Salvucci_seminario<\/a><a href=\"https:\/\/mountaincultures.events.unibz.it\/wp-content\/uploads\/2021\/11\/Salvucci_seminario-2-dic-1.pdf\" class=\"wp-block-file__button\" download>Download<\/a><\/div>\n","protected":false},"excerpt":{"rendered":"<p>Studi di antropologia socioculturale andina e alpina a confronto Daniela Salvucci, Libera Universit\u00e0 di Bolzano Studi di antropologia socioculturale andina e alpina a confronto Quali concetti, quali metodi e quali figure accademiche collegano gli studi di antropologia delle Alpi e delle Ande? Quali temi, invece, definiscono traiettorie di ricerca differenti? Il seminario individua, da un lato, alcuni punti di convergenza degli studi di antropologia socioculturale andina e alpina, come l\u2019approccio dell\u2019ecologia culturale, i modelli della verticalit\u00e0, dell\u2019Alpwirtschaft&nbsp;e dell\u2019economia mista agro-pastorale, ad esempio, anche ricostruendo alcune reti accademiche. Dall\u2019altro, i temi del colonialismo, dell\u2019indigenismo, delle cosmologie altre in area andina saranno [&hellip;]<\/p>\n","protected":false},"author":4,"featured_media":0,"parent":0,"menu_order":0,"comment_status":"closed","ping_status":"closed","template":"","meta":{"footnotes":""},"class_list":["post-284","page","type-page","status-publish","hentry"],"_links":{"self":[{"href":"https:\/\/mountaincultures.events.unibz.it\/index.php?rest_route=\/wp\/v2\/pages\/284","targetHints":{"allow":["GET"]}}],"collection":[{"href":"https:\/\/mountaincultures.events.unibz.it\/index.php?rest_route=\/wp\/v2\/pages"}],"about":[{"href":"https:\/\/mountaincultures.events.unibz.it\/index.php?rest_route=\/wp\/v2\/types\/page"}],"author":[{"embeddable":true,"href":"https:\/\/mountaincultures.events.unibz.it\/index.php?rest_route=\/wp\/v2\/users\/4"}],"replies":[{"embeddable":true,"href":"https:\/\/mountaincultures.events.unibz.it\/index.php?rest_route=%2Fwp%2Fv2%2Fcomments&post=284"}],"version-history":[{"count":2,"href":"https:\/\/mountaincultures.events.unibz.it\/index.php?rest_route=\/wp\/v2\/pages\/284\/revisions"}],"predecessor-version":[{"id":371,"href":"https:\/\/mountaincultures.events.unibz.it\/index.php?rest_route=\/wp\/v2\/pages\/284\/revisions\/371"}],"wp:attachment":[{"href":"https:\/\/mountaincultures.events.unibz.it\/index.php?rest_route=%2Fwp%2Fv2%2Fmedia&parent=284"}],"curies":[{"name":"wp","href":"https:\/\/api.w.org\/{rel}","templated":true}]}}